(w) = -17 + 8 - w**3 - 2*w + 6 - w - 6*w**2. Give d(-4).
-23
Let t(y) be the second derivative of -y**4/12 - 2*y**3/3 + 9*y**2/2 - 3*y + 13. What is t(-7)?
-12
Let r = 169 - 167. Let n(q) be the first derivative of 1/2*q**4 - 1/3*q**3 - 2 - q - q**r. Give n(-1).
-2
Let o(w) = 4*w - 8. Suppose -90*f + 158 + 22 = 0. Calculate o(f).
0
Let f = 118 - 118. Let k(x) be the second derivative of x**2 - 1/6*x**3 + f - 2*x. What is k(-4)?
6
Let b(h) be the third derivative of h**6/120 - h**5/10 - h**4/6 - 5*h**3/6 + 25*h**2 + 4*h. What is b(6)?
-29
Let d(z) = -3*z - 13. Let t be d(10). Let a = t + 46. Let u(j) be the first derivative of -j**4/4 + 5*j**3/3 - 3*j**2/2 - 1. Determine u(a).
9
Let l(y) = 22*y - 3. Let u(a) = 38*a - 8. Let k(r) = 7*l(r) - 4*u(r). Give k(5).
21
Let v(h) = -6*h - 1. Let c(p) = -5*p. Let u(x) = 3*c(x) - 2*v(x). Let f be 9 + (-6 - 0)/2. Suppose 5*a = f + 4. Determine u(a).
-4
Let z(v) = -v**3 - 6*v**2 - 5*v + 1. Let u(y) = -y**3 + 2*y**2 + 6*y + 4. Let k be u(-2). Suppose 0 = -k*b + 21 - 61. Give z(b).
1
Let y(q) = 2 - 8 - 2*q + 2 - 8. Let z be (1*-2)/((-8)/(-20)). Let c be y(z). Let x(r) = -r - 2. Give x(c).
0
Let s(w) = w**2 + 6*w + 5. Suppose 29*a + 95 = 10*a. Give s(a).
0
Let k = -1656 + 1661. Let d(s) = 2*s**2 - 9*s - 1. Give d(k).
4
Let q(w) = 4*w**2 + 2*w**2 - 11*w**2 - 7 + w**3. Suppose -3*y + 3*o - 5*o = -11, -o + 8 = 2*y. Determine q(y).
-7
Let n(q) = 5*q**3 + 11*q**2 + 8*q + 12. Let w(b) = -4*b**3 - 10*b**2 - 9*b - 10. Let f(i) = -5*n(i) - 6*w(i). Give f(7).
0
Let o(n) = n - 173 + 141 + 0*n. Give o(0).
-32
Suppose 3*f - 12 = 18. Suppose -2*d + 13 = -5*c - f, -c - 19 = -2*d. Let q(x) = -7 - 7 + d*x**2 - 8*x**2. Determine q(0).
-14
Let w(h) = 5*h - 16. Let j be w(4). Suppose -t - 10 = -6*t. Let c(m) = 2 - 4 + m - t. Calculate c(j).
0
Suppose v = 2*v - 1. Let b(a) = -a**3. Let o(k) = k - 3 - 4 + k + 7*k**3 + 6. Let l(z) = 6*b(z) + o(z). Give l(v).
2
Let g(s) = -s - 1. Let c(o) = -6*o + 10. Let q(t) = -c(t) + 8*g(t). What is q(11)?
-40
Let a(s) be the third derivative of -s**5/20 - s**3/3 - 9*s**2. Let r(l) be the first derivative of a(l). What is r(1)?
-6
Let s(q) = 3*q - 37. Let v(z) = -z + 9. Let y(w) = w**3 - 4*w**2 - 1. Let k be y(2). Let n(l) = k*v(l) - 2*s(l). Calculate n(5).
8
Let l(f) be the third derivative of f**4/12 - f**3/2 + 120*f**2. Give l(3).
3
Let s = -87 - -158. Let q = s + -70. Let r(k) = 22*k**3 - 2*k**2 + k. Calculate r(q).
21
Let o(n) be the first derivative of -4*n + 2*n + 5*n - 5*n + 3*n**2 - 14. Determine o(1).
4
Let b(g) be the first derivative of -5/2*g**2 + 1/6*g**3 - 1/5*g**5 + 0*g**4 - 11 + 0*g. Let t(j) be the second derivative of b(j). What is t(1)?
-11
Let l(f) = -2*f - 13. Suppose 19*u = 28*u + 81. Determine l(u).
5
Let c(j) = j**3 + 11*j**2 + 3*j + 13. Suppose 3*n + 30 = -2*o + 1, -46 = 4*n - o. Calculate c(n).
-20
Let w(v) = -v**2 - 4*v - 2. Let u be w(-4). Let p be (-60)/(-10)*u/(-3). Let d(n) = -6*n + p + 6*n**2 + 5 + 1 + n**3. What is d(-7)?
3
Let o(r) be the third derivative of 0*r + 2*r**2 - 1/2*r**3 + 1/120*r**6 + 0*r**4 + 0 - 1/20*r**5. Determine o(3).
-3
Let n(x) = -x**3 - x - 1. Let f(o) = 3*o**3 - 4*o**2 - 4*o. Let k(r) = f(r) + 2*n(r). Let p be (5 + (-10 - 0))*3*1/(-3). Give k(p).
-7
Let a(n) = n**2 + 12*n - 16. Let m(w) = -w**3 - 51*w**2 - 99*w - 63. Let o be m(-49). What is a(o)?
12
Let i = 23 + -18. Let v(c) be the third derivative of -c**5/60 + 5*c**4/12 + 2*c**3/3 + 11*c**2. Let s(t) = -t - 1. Let q(j) = 4*s(j) + v(j). Calculate q(i).
5
Let i(a) be the third derivative of a**6/120 - 2*a**5/15 + 5*a**4/12 + 11*a**3/6 - 20*a**2 + 5*a. What is i(6)?
-1
Let g = 164 - 74. Suppose -p = -4*p + g. Let a(c) = -p + 25 + 2*c - c. Determine a(4).
-1
Let f(m) be the third derivative of -m**4/12 + m**3/6 - m**2 + 2*m. Suppose 0 = 3*u + 2*u - 50. Suppose 4*q - 2 = -u. Give f(q).
5
Let j(c) = 2*c + 2. Let x(u) = 11*u + 3 - 23*u - 1 + 14*u. Let t(w) = 4*j(w) - 3*x(w). Suppose 2*h + 2 = -y + 5*y, 5 = -2*h + y. Calculate t(h).
-4
Let y(u) = u**3 + 11*u**2 + 7*u - 23. Let c(b) = -b**2 + 6. Let a be c(-4). Let d be y(a). Let h(f) = 2*f - 7. What is h(d)?
7
Let t = 21 - 19. Suppose -o + 13 = -2*l, t*l + 8 + 11 = 3*o. Let y(z) = -4*z + 1. Determine y(l).
21
Let r(t) = -105 + 34 + 37 + 29 + t. What is r(-3)?
-8
Let y(j) = 3*j**3 + 3*j - 1. Let m(f) = 7*f + 240. Let z be m(-34). Determine y(z).
29
Let p(q) = q**2 + 6*q - 2. Let d(c) = 3*c**2 + 13*c - 4. Let h(y) = -4*d(y) + 9*p(y). What is h(1)?
-3
Let a(i) = 6*i**2 + 42*i + 6. Let k be a(-7). Let s(n) = -n + 4. Give s(k).
-2
Suppose 0 = 11*g - 36 + 3. Let d(p) be the first derivative of p - 7/2*p**2 + g. What is d(1)?
-6
Let l(h) = h**3 - 7*h**2 - 9*h + 10. Let c be l(8). Let r(w) = 642*w + 2*w**2 + 653*w + 2 - 1295*w - 4. What is r(c)?
6
Let z(y) = 2*y + 0*y - 4 - 3*y. Let l = -811 + 811. What is z(l)?
-4
Let r(l) = -6*l - 31. Let s(f) = 6*f + 31. Let c(i) = 3*r(i) + 4*s(i). Determine c(-9).
-23
Let b(h) = -h**3 + 3*h**2 + 3*h + 1. Let v be ((-1)/2)/((-2)/4). Suppose -23 = -2*d + 5*q, 3*q = -4*d - 0*q + 7. Let i = d - v. Determine b(i).
10
Let j(u) = -30*u**3 + 15*u**2 + 17*u + 6. Let w(x) = 17*x**3 - 7*x**2 - 8*x - 3. Let q(o) = 4*j(o) + 7*w(o). Suppose -5*n + 8*n = 36. Give q(n).
3
Let z(k) = -4. Let f(n) = -n + 2. Let i(y) = f(y) + z(y). Determine i(1).
-3
Let u be (-7*1)/1 + 1. Let n be ((-3)/u)/((-1)/12). Let m(g) = g**2 - g - 11. Let f(d) = -2*d**2 + d + 21. Let w(s) = 6*f(s) + 11*m(s). What is w(n)?
-1
Let v(p) be the third derivative of p**5/60 + 7*p**4/24 - p**3/2 + p**2. Let f(t) = -t**3 + 20*t**2 + 45*t - 26. Let b be f(22). Give v(b).
-15
Let m(l) = l**2 + 3*l + 5. Suppose 52 = -2*b + 4*c, 19 = 5*b - 4*c + 149. Let z = 21 + b. Give m(z).
15
Let k(r) = -r**2 + 84*r - 1574. Let f be k(28). Let c(o) = -5*o. Let w(b) = -6*b - 1. Let q(j) = -5*c(j) + 4*w(j). What is q(f)?
-10
Let w(i) = 4*i + 1. Let j(y) = -16*y - 6. Let l(a) = -j(a) - 5*w(a). What is l(1)?
-3
Let p(a) = a**3 + 25*a**2 + 21*a - 80. Let h be p(-24). Let u(d) = -3 - 3*d + 2 + 10 + 4*d. What is u(h)?
1
Let y(g) = g**3 - g**2 - g + 1. Let p be (2/3)/((-2)/3). Let b be (8 + p)*60/70. Let h(r) = 5*r**3 - 10*r**2 - 8*r + 5. Let l(d) = b*y(d) - h(d). Give l(-2).
5
Let j(w) = 2*w**2 - 3*w - 2. Let p = -19 - -20. Let z be (p + (-2)/(-2))/(-1). What is j(z)?
12
Suppose 0 = 2*p - 2*b - 8, 3*p = -5*b + 1 + 3. Let d(l) = 2 + 0 - 3 + l**2 - 2 - l. What is d(p)?
3
Let p(l) = -5*l - 19. Let q(z) = 25*z + 93. Let a(h) = 11*p(h) + 2*q(h). Give a(-5).
2
Let b be -7 + -10 + (10 - 2). Let z(w) = -w**3 - 10*w**2 - 9*w + 11. What is z(b)?
11
Suppose 64*f = 60*f - 4*j + 4, -4*f + 2*j = -16. Let b(c) = -c**3 + c**2 + c + 2. Give b(f).
-13
Let r(x) = 5*x**3 + 7*x + 2*x**2 - 6*x**3 - 7 + 2*x**2. Let y be r(5). Let o(w) = 2*w + w**3 + 2*w - 2*w + 5*w**2 + 5 - y*w. What is o(-5)?
10
Let a(m) = m + 13. Suppose -4*k + 16 = 0, -k = -4*f - 69 + 13. What is a(f)?
0
Let x(v) be the third derivative of 1/24*v**4 + 0*v - 1/6*v**3 + 21*v**2 + 1/20*v**5 + 0. Determine x(1).
3
Let h = -3435 - -3437. Let k(i) = 5*i**2 - 3*i**2 + 3 + 2. Let z(t) = -3*t**2 - 6. Let y(u) = -4*k(u) - 3*z(u). Determine y(h).
2
Let v(x) = x - 3. Let u(c) be the first derivative of -3 - 9/2*c**2 + 4*c - 8/3*c**3 + 1/4*c**4. Let w be u(9). Calculate v(w).
1
Suppose -160 = -p + 11*p. Let s be (2 - p/(-20))/((-6)/(-20)). Let l(n) = n**2 - 5*n + 1. Determine l(s).
-3
Let p(h) be the first derivative of h**7/210 + h**6/360 - 8*h**3/3 - 2. Let o(b) be the third derivative of p(b). What is o(-1)?
-3
Let k be (16/(-10))/((-84)/210). Let h(g) = -2*g**2 + 7*g - 6. Calculate h(k).
-10
Let d(l) = 2*l + 17. Let u be d(-6). Let m(y) = -13*y**2 + 24*y - 31. Let x(s) = -8*s**2 + 16*s - 21. Let c(n) = u*m(n) - 8*x(n). Determine c(-9).
4
Let t(m) = 153*m - 157. Let r be t(1). Let c(z) = z + 6. Determine c(r).
2
Let i(n) = -28 - n**2 - 35 + 60. What is i(0)?
-3
Let b = -263 - -271. Let r(s) = -s**3 + 7*s**2 + 7*s + 14. Calculate r(b).
6
Suppose -2*g = u - 2*u + 6, -9 = 2*u + 3*g. Let f(x) = x**2 + x - 4. Let l be f(u). Let c(q) = 2*q - 4*q + q**2 + 3 + 6*q. Give c(l).
3
Let q(r) be the third derivative of r**7/2520 - r**6/120 - r**5/120 - r**4/24 - 12*r**2. Let s(c) be the second derivative of q(c). Calculate s(4).
-9
Let p(i) = i - 4. Let g(x) = -6